ose -c - o = -9. Calculate the highest common divisor of 65 and c.
5
Let f be (51/15 + -1)*(-75)/(-10). Suppose -2*s - 7 = -n, -10*n - s = -5*n - 46. What is the greatest common divisor of f and n?
9
Suppose -8046*n + 8030*n = -176. Let o be 407/((-1)/(-1))*1. Calculate the highest common divisor of n and o.
11
Let g(j) = -11*j. Let d be g(-2). Let r(t) = 71*t**2 + 12*t - 21. Let s be r(4). Suppose -13*m + s = 448. What is the greatest common divisor of d and m?
11
Suppose -94 = 5*q + f, -4*f + 56 = 3*q - 7*q. Let v be -8*q/24 - -368. What is the greatest common divisor of v and 34?
34
Suppose -1446 = -9*r + 3090. What is the highest common divisor of r and 984?
24
Let k(p) = 215*p - 69. Let x be k(3). Let l = 276 + x. What is the highest common divisor of 12 and l?
12
Let j be -1 - 0 - 129 - (-18 + 17). Let a = j - -135. Calculate the highest common factor of a and 66.
6
Suppose 0 = -5*v - 192*c + 195*c + 7113, 5*c + 5 = 0. Calculate the greatest common factor of v and 18.
18
Let r(j) = 2*j + 30. Let o be r(-5). Suppose 3*z + 2*l = 4*l + 19, 5*l + 9 = 2*z. Suppose -w - z*w + 40 = 0. What is the highest common divisor of w and o?
5
Let u be (1 - -59)/10 - -5. Suppose 4*x - 64 = w + 2*w, 0 = -5*x - 3*w + 80. Let t = x - u. Calculate the greatest common divisor of 2 and t.
1
Let v = -24791 + 24818. What is the greatest common divisor of v and 4581?
9
Let o(k) = 1125*k - 6694. Let t be o(6). Calculate the highest common factor of t and 7574.
14
Suppose -17*y + 183*y - 1494 = 0. Suppose 4*k + 5*w - 5 = -k, 5*w + 13 = -2*k. Let u = k - 0. What is the greatest common divisor of y and u?
3
Suppose -2*x + 148 - 67 = 13. What is the highest common factor of 357 and x?
17
Suppose z = -z + r + 1234, 5*r - 3055 = -5*z. Calculate the greatest common factor of 5740 and z.
205
Let t(m) = 5*m**3 + 83*m**2 + 29*m - 3. Let i be (-9 - -7) + 2 - 16. Let w be t(i). What is the highest common factor of w and 172?
43
Let o(n) = -n**3 + 4*n**2 - n + 2. Let p be o(3). Let j = -374 - -437. Suppose 9*a - 567 + j = 0. What is the highest common divisor of a and p?
8
Suppose -3*b = -6*n + 9*n - 9, 35 = 5*b - 5*n. Let c be (-17)/((0 - (-5)/b)/(-1)). What is the greatest common factor of 17 and c?
17
Suppose 20 = -4*t, -3*t + t - 660 = -5*o. Calculate the highest common divisor of 5330 and o.
130
Let h be (-8)/52 - (-2816)/52. Let w = h + -37. Suppose -3*m + 1 + w = 3*r, 5*m + 25 = 0. What is the greatest common factor of r and 121?
11
Let p be 10/(-1 - 27/(-24)). Suppose 10 = -z - z, 4*i + 2*z - 66 = 0. Let x = 39 - i. Calculate the highest common divisor of x and p.
20
Let d(f) = -5*f**2 + 2*f + 5*f**2 + 6*f**2. Let n be d(-1). Let y be 8*(6*1 + -2). What is the highest common divisor of n and y?
4
Let p(y) = 67*y - 1391. Let d be p(28). Calculate the highest common divisor of 194 and d.
97
Let q(l) be the second derivative of l**5/10 - 4*l**4/3 + l**3/6 + 6*l**2 - 4*l - 5. Let z be q(8). Calculate the highest common factor of z and 60.
20
Let p(q) = q**3 - 15*q**2 - 9*q - 40. Let h be p(20). What is the highest common divisor of 20 and h?
20
Suppose -3*d - 162 = -525. Let k = -39 + -40. Let j = k + d. What is the greatest common factor of j and 14?
14
Let c(o) = o**2 - o - 11. Let x be c(4). Let b be x/(8 - (-638)/(-80)). What is the greatest common divisor of 40 and b?
40
Let r = -3 - -10. Suppose 0 = -31*q + 11*q - 31580. Let p = -1544 - q. Calculate the greatest common factor of r and p.
7
Suppose 0 = -3*l + 39*c - 38*c + 10357, -5*l - 3*c + 17285 = 0. What is the greatest common factor of 3768 and l?
314
Let a(h) = -52*h + 11808. Let k be a(56). Calculate the highest common divisor of 40 and k.
8
Let h be 2*1/8 - (-30)/8. Suppose 5*z = -h*g + 35, 3*g - 4*z = z. Suppose g*n - 416 - 274 = 0. Calculate the highest common divisor of n and 23.
23
Suppose k + 2 = 9*x - 10*x, 0 = 4*k + 3*x + 4. Let c be k*(3 + 348/8). What is the greatest common factor of c and 3?
3
Let a = 357 - 334. Suppose -16*c = 7*c - a. Calculate the greatest common divisor of c and 11.
1
Let n = 1438 + -1375. Calculate the greatest common factor of 1008 and n.
63
Let d be -7 + 5 - -196 - -1. Let c = d - 191. Let b = -40 - -56. What is the highest common divisor of c and b?
4
Let l(t) = t**2 + 2*t - 32. Let h be l(-8). Suppose h = -15*v + 46. Calculate the highest common divisor of v and 82.
2
Let z = 276 - -169. Suppose 5*i + 0*i + z = 4*r, -12 = -4*i. Calculate the greatest common factor of r and 10.
5
Let y = 27691 + -27300. Suppose -2*q = -q - 34. What is the greatest common factor of q and y?
17
Let u(t) = t**3 - 12*t**2 - 77*t + 716. Let r be u(14). Calculate the greatest common factor of 2510 and r.
10
Let u(d) = -87*d**3 - d**2 + 11*d - 2. Let q(v) = 2*v. Let c(a) = 6*q(a) - u(a). Let y be c(2). What is the highest common factor of 11 and y?
11
Let h be (-96)/(3 + -9) + 2 + -4. Let z(l) = 28*l - 242. Let y be z(h). What is the highest common divisor of 60 and y?
30
Suppose 5*c = -4*x + 111, 2*c + x = -x + 44. Suppose 68*w - 170*w = -18768. What is the highest common divisor of c and w?
23
Let f(o) = -72*o**2 - 6*o - 3. Let r be f(-2). Let z = -155 - r. Suppose 4*j - 16 = z. Calculate the highest common factor of 10 and j.
5
Suppose -2*b + h = -224, 6*b + 5*h + 338 = 1074. Calculate the highest common factor of b and 1711.
29
Suppose 1535*r - 1495*r = 440. Calculate the greatest common factor of 10109 and r.
11
Let d(g) = 666*g + 3213. Let i be d(38). Calculate the greatest common factor of 9 and i.
9
Let b = -1426 - -1432. Let z be 132/(-21) - 4/(-14). Let n be z/4 + 177/b. Calculate the greatest common divisor of n and 4.
4
Suppose 329*i = 252746 + 200945. What is the greatest common factor of 6304 and i?
197
Suppose 7*j - 3*d = 10*j - 18, -3*j - 2*d + 15 = 0. Suppose -j*x + 46 = 4. Calculate the greatest common divisor of x and 10.
2
Let h = -1952 + 1979. Suppose -4*u - 1 - 11 = 0. Let o be (-45)/(-10)*(-2)/u. Calculate the highest common divisor of h and o.
3
Let q(u) = 4*u + 24. Let r be q(-5). Suppose r*v + 3*d - 1649 = 0, -3*v + 5*d = -1226 + 11. Calculate the greatest common factor of 10 and v.
10
Let r = -308 + 300. Let u be -3*(r/(-18))/((-10)/105). What is the greatest common factor of u and 63?
7
Let x = 140 - 125. Suppose 0 = x*g - 103 + 13. What is the greatest common factor of 4 and g?
2
Let f = -2538 + 2706. Let a = -9 + 30. Calculate the highest common divisor of a and f.
21
Let w(u) = u**2 - 8*u + 17. Let t be w(5). Suppose -6*f + 5*f = -t*b + 95, 0 = 5*f - 15. What is the greatest common factor of 147 and b?
49
Let g(z) = 10*z**3 - 2*z**2 - 2*z + 4. Let u be g(3). Suppose 5*a - u = 200. Calculate the greatest common factor of 60 and a.
30
Let c = 1392 - 787. Suppose -c = -4*l - l. Let r be (-112)/(-7) + -9 + 8/2. What is the greatest common factor of r and l?
11
Let h be 1/3 + 140/30. Let j(o) = 6 + 12*o**3 - h + 61*o**3 - o**2 - o**2. Let n be j(1). What is the greatest common divisor of 18 and n?
18
Let a = -806 - -647. Let i = 263 + a. What is the greatest common divisor of 130 and i?
26
Let p = -634 - -102. Let k = p - -1091. Calculate the greatest common factor of 13 and k.
13
Suppose 227*m = 255*m - 4032. Calculate the greatest common factor of 400 and m.
16
Let x(m) = -m**3 - 37*m**2 - 252*m + 60. Let a be x(-30). What is the highest common factor of a and 198?
66
Let o(m) = -707*m + 3549. Let w be o(5). Calculate the highest common divisor of w and 35546.
14
Suppose 5*j - 3*j + 8 = 3*z, z + 3*j = -1. Suppose -14 + 50 = -z*w. Let l be (-204)/w - 2/6. What is the highest common divisor of l and 88?
11
Let f = 8674 - 7297. What is the greatest common factor of f and 63?
9
Suppose 5*u + 69 = 2*v, -5*u + 67 = 4*v - 26. Suppose k = -2 + 4. Let z be ((-12)/20)/(k - 364/180). What is the highest common divisor of z and v?
27
Let t be 3/(((-195)/(-290))/13). Suppose 11*o - t - 371 = 0. What is the greatest common divisor of 18 and o?
3
Let o(u) = -18*u + 130*u**2 - u**3 - 274*u**2 + 132*u**2 - 2. Let w be o(-14). Calculate the greatest common divisor of 6 and w.
6
Suppose 0*r - 5*m - 7355 = 2*r, 0 = 3*m - 15. Let n be (2/5)/((-36)/r). Suppose -n*l - 33 = -44*l. Calculate the greatest common divisor of 99 and l.
11
Suppose -3*f = -f. Suppose f*i + 2*c + 3 = i, 0 = -2*i + c